{"id":503,"date":"2024-02-20T16:29:39","date_gmt":"2024-02-20T19:29:39","guid":{"rendered":"https:\/\/pediatriaciep.com.br\/ciep\/?page_id=503"},"modified":"2024-02-20T16:29:39","modified_gmt":"2024-02-20T19:29:39","slug":"dra-rafaella-ferreira-sasse-pascele","status":"publish","type":"page","link":"https:\/\/pediatriaciep.com.br\/ciep\/dra-rafaella-ferreira-sasse-pascele\/","title":{"rendered":"Dra. Rafaella Ferreira Sasse Pascele"},"content":{"rendered":"\n<div class=\"topopgs\"><div class=\"centro-linha\"><span class=\"titulopgs\">NOSSOS M\u00c9DICOS<\/span><div class=\"linha\"><\/div><em>Conhe\u00e7a os m\u00e9dicos que atendem no CIEP e suas \u00e1reas de atua\u00e7\u00e3o<\/em><\/div><\/div><div class=\"barra\"><\/div>\n\n\n\n<div class=\"wp-block-advgb-columns advgb-columns-wrapper\" id=\"advgb-cols-0368a74c-7837-471c-8a49-4f496ee820fd\"><div class=\"advgb-columns-container\"><div class=\"advgb-columns advgb-columns-row advgb-is-mobile advgb-columns-2 layout-13-23 mbl-layout-stacked vgutter-10\" style=\"max-width:1050px\">\n<div class=\"wp-block-advgb-column advgb-column advgb-is-one-third-tablet advgb-is-full-mobile\" id=\"advgb-col-a8993146-2a60-4ea0-88d2-ff9addea210a\"><div class=\"advgb-column-inner\" style=\"border-style:none;border-width:1px\">\n<figure class=\"wp-block-image size-full efeitoimagem\"><img loading=\"lazy\" decoding=\"async\" width=\"431\" height=\"612\" src=\"https:\/\/pediatriaciep.com.br\/ciep\/wp-content\/uploads\/2024\/02\/dra-rafaella-g.png\" alt=\"\" class=\"wp-image-504\" srcset=\"https:\/\/pediatriaciep.com.br\/ciep\/wp-content\/uploads\/2024\/02\/dra-rafaella-g.png 431w, https:\/\/pediatriaciep.com.br\/ciep\/wp-content\/uploads\/2024\/02\/dra-rafaella-g-211x300.png 211w\" sizes=\"auto, (max-width: 431px) 100vw, 431px\" \/><\/figure>\n<\/div><\/div>\n\n\n\n<div class=\"wp-block-advgb-column advgb-column advgb-is-two-thirds-tablet advgb-is-full-mobile\" id=\"advgb-col-46dcc8c1-b72a-405f-bef6-a0596b5572ce\"><div class=\"advgb-column-inner\" style=\"border-style:none;border-width:1px\">\n<h2 class=\"wp-block-heading\"><strong>Dra. Rafaella Ferreira Sasse Pascele<\/strong><\/h2>\n\n\n\n<p>CRM: 35747<br>Endocrinologista<\/p>\n\n\n\n<p>Faculdade de Medicina na Universidade Positivo 2010<br>Resid\u00eancia m\u00e9dica de Pediatria no Hospital de Cl\u00ednicas HC- UFPR 2016-2017<br>Especializa\u00e7\u00e3o em Endocrinologia Pedi\u00e1trica no Hospital de Cl\u00ednicas HC-UFPR 2018-2019<\/p>\n\n\n\n<p><strong>Atende aos Conv\u00eanios:<br><\/strong>Amil<br>Voam<br>Nossa sa\u00fade<br>Judicemed<br>Particular<br><\/p>\n<\/div><\/div>\n<\/div><\/div><\/div>\n<style class=\"advgb-styles-renderer\">#advgb-col-a8993146-2a60-4ea0-88d2-ff9addea210a>.advgb-column-inner{padding-top:20px;padding-right:20px;padding-bottom:20px;padding-left:20px;}#advgb-col-a8993146-2a60-4ea0-88d2-ff9addea210a{width: 0%;}@media screen and (max-width: 1023px) {#advgb-col-a8993146-2a60-4ea0-88d2-ff9addea210a>.advgb-column-inner{}}@media screen and (max-width: 767px) {#advgb-col-a8993146-2a60-4ea0-88d2-ff9addea210a>.advgb-column-inner{}}#advgb-col-46dcc8c1-b72a-405f-bef6-a0596b5572ce>.advgb-column-inner{padding-top:20px;padding-right:20px;padding-bottom:20px;padding-left:20px;}#advgb-col-46dcc8c1-b72a-405f-bef6-a0596b5572ce{width: 0%;}@media screen and (max-width: 1023px) {#advgb-col-46dcc8c1-b72a-405f-bef6-a0596b5572ce>.advgb-column-inner{}}@media screen and (max-width: 767px) {#advgb-col-46dcc8c1-b72a-405f-bef6-a0596b5572ce>.advgb-column-inner{}}#advgb-cols-0368a74c-7837-471c-8a49-4f496ee820fd{padding-top:20px;}@media screen and (max-width: 1023px) {#advgb-cols-0368a74c-7837-471c-8a49-4f496ee820fd{}}@media screen and (max-width: 767px) {#advgb-cols-0368a74c-7837-471c-8a49-4f496ee820fd{}}#advgb-col-a8993146-2a60-4ea0-88d2-ff9addea210a>.advgb-column-inner{padding-top:20px;padding-right:20px;padding-bottom:20px;padding-left:20px;}#advgb-col-a8993146-2a60-4ea0-88d2-ff9addea210a{width: 0%;}@media screen and (max-width: 1023px) {#advgb-col-a8993146-2a60-4ea0-88d2-ff9addea210a>.advgb-column-inner{}}@media screen and (max-width: 767px) {#advgb-col-a8993146-2a60-4ea0-88d2-ff9addea210a>.advgb-column-inner{}}#advgb-col-46dcc8c1-b72a-405f-bef6-a0596b5572ce>.advgb-column-inner{padding-top:20px;padding-right:20px;padding-bottom:20px;padding-left:20px;}#advgb-col-46dcc8c1-b72a-405f-bef6-a0596b5572ce{width: 0%;}@media screen and (max-width: 1023px) {#advgb-col-46dcc8c1-b72a-405f-bef6-a0596b5572ce>.advgb-column-inner{}}@media screen and (max-width: 767px) {#advgb-col-46dcc8c1-b72a-405f-bef6-a0596b5572ce>.advgb-column-inner{}}<\/style>","protected":false},"excerpt":{"rendered":"<p>NOSSOS M\u00c9DICOS Conhe\u00e7a os m\u00e9dicos que atendem no CIEP e suas \u00e1reas de atua\u00e7\u00e3o<\/p>\n","protected":false},"author":1,"featured_media":0,"parent":0,"menu_order":0,"comment_status":"closed","ping_status":"closed","template":"","meta":{"advgb_blocks_editor_width":"","advgb_blocks_columns_visual_guide":"","site-sidebar-layout":"default","site-content-layout":"default","ast-global-header-display":"","ast-main-header-display":"","ast-hfb-above-header-display":"","ast-hfb-below-header-display":"","ast-hfb-mobile-header-display":"","site-post-title":"disabled","ast-breadcrumbs-content":"","ast-featured-img":"","footer-sml-layout":"","theme-transparent-header-meta":"","adv-header-id-meta":"","stick-header-meta":"","header-above-stick-meta":"","header-main-stick-meta":"","header-below-stick-meta":"","footnotes":""},"class_list":["post-503","page","type-page","status-publish","hentry"],"coauthors":[],"author_meta":{"author_link":"https:\/\/pediatriaciep.com.br\/ciep\/author\/adm_ciep\/","display_name":"ADM_Ciep"},"relative_dates":{"created":"Posted 2 anos ago","modified":"Updated 2 anos ago"},"absolute_dates":{"created":"Posted on 20 de fevereiro de 2024","modified":"Updated on 20 de fevereiro de 2024"},"absolute_dates_time":{"created":"Posted on 20 de fevereiro de 2024 16:29","modified":"Updated on 20 de fevereiro de 2024 16:29"},"featured_img_caption":"","featured_img":false,"series_order":"","uagb_featured_image_src":{"full":false,"thumbnail":false,"medium":false,"medium_large":false,"large":false,"1536x1536":false,"2048x2048":false},"uagb_author_info":{"display_name":"ADM_Ciep","author_link":"https:\/\/pediatriaciep.com.br\/ciep\/author\/adm_ciep\/"},"uagb_comment_info":0,"uagb_excerpt":"NOSSOS M\u00c9DICOS Conhe\u00e7a os m\u00e9dicos que atendem no CIEP e suas \u00e1reas de atua\u00e7\u00e3o","_links":{"self":[{"href":"https:\/\/pediatriaciep.com.br\/ciep\/wp-json\/wp\/v2\/pages\/503","targetHints":{"allow":["GET"]}}],"collection":[{"href":"https:\/\/pediatriaciep.com.br\/ciep\/wp-json\/wp\/v2\/pages"}],"about":[{"href":"https:\/\/pediatriaciep.com.br\/ciep\/wp-json\/wp\/v2\/types\/page"}],"author":[{"embeddable":true,"href":"https:\/\/pediatriaciep.com.br\/ciep\/wp-json\/wp\/v2\/users\/1"}],"replies":[{"embeddable":true,"href":"https:\/\/pediatriaciep.com.br\/ciep\/wp-json\/wp\/v2\/comments?post=503"}],"version-history":[{"count":1,"href":"https:\/\/pediatriaciep.com.br\/ciep\/wp-json\/wp\/v2\/pages\/503\/revisions"}],"predecessor-version":[{"id":505,"href":"https:\/\/pediatriaciep.com.br\/ciep\/wp-json\/wp\/v2\/pages\/503\/revisions\/505"}],"wp:attachment":[{"href":"https:\/\/pediatriaciep.com.br\/ciep\/wp-json\/wp\/v2\/media?parent=503"}],"curies":[{"name":"wp","href":"https:\/\/api.w.org\/{rel}","templated":true}]}}

<div class="topopgs"><div class="centro-linha"><span class="titulopgs">NOSSOS MÉDICOS</span><div class="linha"></div><em>Conheça os médicos que atendem no CIEP e suas áreas de atuação</em></div></div><div class="barra"></div>



<div class="wp-block-advgb-columns advgb-columns-wrapper" id="advgb-cols-0368a74c-7837-471c-8a49-4f496ee820fd"><div class="advgb-columns-container"><div class="advgb-columns advgb-columns-row advgb-is-mobile advgb-columns-2 layout-13-23 mbl-layout-stacked vgutter-10" style="max-width:1050px">
<div class="wp-block-advgb-column advgb-column advgb-is-one-third-tablet advgb-is-full-mobile" id="advgb-col-a8993146-2a60-4ea0-88d2-ff9addea210a"><div class="advgb-column-inner" style="border-style:none;border-width:1px">
<figure class="wp-block-image size-full efeitoimagem"><img loading="lazy" decoding="async" width="431" height="612" src="https://pediatriaciep.com.br/ciep/wp-content/uploads/2024/02/dra-rafaella-g.png" alt="" class="wp-image-504" srcset="https://pediatriaciep.com.br/ciep/wp-content/uploads/2024/02/dra-rafaella-g.png 431w, https://pediatriaciep.com.br/ciep/wp-content/uploads/2024/02/dra-rafaella-g-211x300.png 211w" sizes="auto, (max-width: 431px) 100vw, 431px" /></figure>
</div></div>



<div class="wp-block-advgb-column advgb-column advgb-is-two-thirds-tablet advgb-is-full-mobile" id="advgb-col-46dcc8c1-b72a-405f-bef6-a0596b5572ce"><div class="advgb-column-inner" style="border-style:none;border-width:1px">
<h2 class="wp-block-heading"><strong>Dra. Rafaella Ferreira Sasse Pascele</strong></h2>



<p>CRM: 35747<br>Endocrinologista</p>



<p>Faculdade de Medicina na Universidade Positivo 2010<br>Residência médica de Pediatria no Hospital de Clínicas HC- UFPR 2016-2017<br>Especialização em Endocrinologia Pediátrica no Hospital de Clínicas HC-UFPR 2018-2019</p>



<p><strong>Atende aos Convênios:<br></strong>Amil<br>Voam<br>Nossa saúde<br>Judicemed<br>Particular<br></p>
</div></div>
</div></div></div>
<style class="advgb-styles-renderer">#advgb-col-a8993146-2a60-4ea0-88d2-ff9addea210a>.advgb-column-inner{padding-top:20px;padding-right:20px;padding-bottom:20px;padding-left:20px;}#advgb-col-a8993146-2a60-4ea0-88d2-ff9addea210a{width: 0%;}@media screen and (max-width: 1023px) {#advgb-col-a8993146-2a60-4ea0-88d2-ff9addea210a>.advgb-column-inner{}}@media screen and (max-width: 767px) {#advgb-col-a8993146-2a60-4ea0-88d2-ff9addea210a>.advgb-column-inner{}}#advgb-col-46dcc8c1-b72a-405f-bef6-a0596b5572ce>.advgb-column-inner{padding-top:20px;padding-right:20px;padding-bottom:20px;padding-left:20px;}#advgb-col-46dcc8c1-b72a-405f-bef6-a0596b5572ce{width: 0%;}@media screen and (max-width: 1023px) {#advgb-col-46dcc8c1-b72a-405f-bef6-a0596b5572ce>.advgb-column-inner{}}@media screen and (max-width: 767px) {#advgb-col-46dcc8c1-b72a-405f-bef6-a0596b5572ce>.advgb-column-inner{}}#advgb-cols-0368a74c-7837-471c-8a49-4f496ee820fd{padding-top:20px;}@media screen and (max-width: 1023px) {#advgb-cols-0368a74c-7837-471c-8a49-4f496ee820fd{}}@media screen and (max-width: 767px) {#advgb-cols-0368a74c-7837-471c-8a49-4f496ee820fd{}}#advgb-col-a8993146-2a60-4ea0-88d2-ff9addea210a>.advgb-column-inner{padding-top:20px;padding-right:20px;padding-bottom:20px;padding-left:20px;}#advgb-col-a8993146-2a60-4ea0-88d2-ff9addea210a{width: 0%;}@media screen and (max-width: 1023px) {#advgb-col-a8993146-2a60-4ea0-88d2-ff9addea210a>.advgb-column-inner{}}@media screen and (max-width: 767px) {#advgb-col-a8993146-2a60-4ea0-88d2-ff9addea210a>.advgb-column-inner{}}#advgb-col-46dcc8c1-b72a-405f-bef6-a0596b5572ce>.advgb-column-inner{padding-top:20px;padding-right:20px;padding-bottom:20px;padding-left:20px;}#advgb-col-46dcc8c1-b72a-405f-bef6-a0596b5572ce{width: 0%;}@media screen and (max-width: 1023px) {#advgb-col-46dcc8c1-b72a-405f-bef6-a0596b5572ce>.advgb-column-inner{}}@media screen and (max-width: 767px) {#advgb-col-46dcc8c1-b72a-405f-bef6-a0596b5572ce>.advgb-column-inner{}}</style>

<p>NOSSOS MÉDICOS Conheça os médicos que atendem no CIEP e suas áreas de atuação</p>

NOSSOS MÉDICOS Conheça os médicos que atendem no CIEP e suas áreas de atuação
