{"id":494,"date":"2024-02-20T16:14:14","date_gmt":"2024-02-20T19:14:14","guid":{"rendered":"https:\/\/pediatriaciep.com.br\/ciep\/?page_id=494"},"modified":"2024-02-20T16:31:43","modified_gmt":"2024-02-20T19:31:43","slug":"dra-natalia-clarice-meneghel-vargas","status":"publish","type":"page","link":"https:\/\/pediatriaciep.com.br\/ciep\/dra-natalia-clarice-meneghel-vargas\/","title":{"rendered":"Dra. Natalia Clarice Meneghel Vargas"},"content":{"rendered":"\n<div class=\"topopgs\"><div class=\"centro-linha\"><span class=\"titulopgs\">NOSSOS M\u00c9DICOS<\/span><div class=\"linha\"><\/div><em>Conhe\u00e7a os m\u00e9dicos que atendem no CIEP e suas \u00e1reas de atua\u00e7\u00e3o<\/em><\/div><\/div><div class=\"barra\"><\/div>\n\n\n\n<div class=\"wp-block-advgb-columns advgb-columns-wrapper\" id=\"advgb-cols-10427a5e-31fe-4307-9c33-b21c636d2da3\"><div class=\"advgb-columns-container\"><div class=\"advgb-columns advgb-columns-row advgb-is-mobile advgb-columns-2 layout-13-23 mbl-layout-stacked vgutter-10\" style=\"max-width:1050px\">\n<div class=\"wp-block-advgb-column advgb-column advgb-is-one-third-tablet advgb-is-full-mobile\" id=\"advgb-col-1789c7f4-d210-4c2f-99af-9d701f382f5a\"><div class=\"advgb-column-inner\" style=\"border-style:none;border-width:1px\">\n<figure class=\"wp-block-image size-full efeitoimagem\"><img loading=\"lazy\" decoding=\"async\" width=\"431\" height=\"612\" src=\"https:\/\/pediatriaciep.com.br\/ciep\/wp-content\/uploads\/2024\/02\/dra-natalia-g.png\" alt=\"\" class=\"wp-image-496\" srcset=\"https:\/\/pediatriaciep.com.br\/ciep\/wp-content\/uploads\/2024\/02\/dra-natalia-g.png 431w, https:\/\/pediatriaciep.com.br\/ciep\/wp-content\/uploads\/2024\/02\/dra-natalia-g-211x300.png 211w\" sizes=\"auto, (max-width: 431px) 100vw, 431px\" \/><\/figure>\n<\/div><\/div>\n\n\n\n<div class=\"wp-block-advgb-column advgb-column advgb-is-two-thirds-tablet advgb-is-full-mobile\" id=\"advgb-col-06623aa2-a965-4693-a65e-e0ccfd992bd6\"><div class=\"advgb-column-inner\" style=\"border-style:none;border-width:1px\">\n<h2 class=\"wp-block-heading\"><strong>Dra. Natalia Clarice Meneghel Vargas<\/strong><\/h2>\n\n\n\n<p>Neurologista Pedia\u0301trica<\/p>\n\n\n\n<p>Possui gradua\u00e7\u00e3o em Medicina pela Faculdade Evang\u00e9lica do Paran\u00e1 (2001), Resid\u00eancia em Pediatria pela Universidade Federal do Paran\u00e1 (UFPR 2004), Especializa\u00e7\u00e3o em Neurologia Pedi\u00e1trica pela UFPR (2006) e Mestrado em Sa\u00fade da Crian\u00e7a e do Adolescente pela UFPR (2010). Foi Docente da Universidade de Bras\u00edlia (2015-2023), , tendo atuado em exerc\u00edcio provis\u00f3rio na UFMS (2017-2018) e na UFPR (2019-2023). Atualmente \u00e9 Doutoranda do Programa de P\u00f3s Gradua\u00e7\u00e3o da Sa\u00fade da Crian\u00e7a e do Adolescente da UFPR. Tem experi\u00eancia na \u00e1rea de Medicina, com \u00eanfase em Neuropediatria, atuando principalmente nos seguintes temas: Dist\u00farbios de aprendizagem, Transtorno de d\u00e9ficit de aten\u00e7\u00e3o e hiperatividade, Autismo.<\/p>\n\n\n\n<p><strong>Atende aos Conv\u00eanios:<br><\/strong>Particular<br><\/p>\n<\/div><\/div>\n<\/div><\/div><\/div>\n<style class=\"advgb-styles-renderer\">#advgb-col-1789c7f4-d210-4c2f-99af-9d701f382f5a>.advgb-column-inner{padding-top:20px;padding-right:20px;padding-bottom:20px;padding-left:20px;}#advgb-col-1789c7f4-d210-4c2f-99af-9d701f382f5a{width: 0%;}@media screen and (max-width: 1023px) {#advgb-col-1789c7f4-d210-4c2f-99af-9d701f382f5a>.advgb-column-inner{}}@media screen and (max-width: 767px) {#advgb-col-1789c7f4-d210-4c2f-99af-9d701f382f5a>.advgb-column-inner{}}#advgb-col-06623aa2-a965-4693-a65e-e0ccfd992bd6>.advgb-column-inner{padding-top:20px;padding-right:20px;padding-bottom:20px;padding-left:20px;}#advgb-col-06623aa2-a965-4693-a65e-e0ccfd992bd6{width: 0%;}@media screen and (max-width: 1023px) {#advgb-col-06623aa2-a965-4693-a65e-e0ccfd992bd6>.advgb-column-inner{}}@media screen and (max-width: 767px) {#advgb-col-06623aa2-a965-4693-a65e-e0ccfd992bd6>.advgb-column-inner{}}#advgb-cols-10427a5e-31fe-4307-9c33-b21c636d2da3{padding-top:20px;}@media screen and (max-width: 1023px) {#advgb-cols-10427a5e-31fe-4307-9c33-b21c636d2da3{}}@media screen and (max-width: 767px) {#advgb-cols-10427a5e-31fe-4307-9c33-b21c636d2da3{}}#advgb-col-1789c7f4-d210-4c2f-99af-9d701f382f5a>.advgb-column-inner{padding-top:20px;padding-right:20px;padding-bottom:20px;padding-left:20px;}#advgb-col-1789c7f4-d210-4c2f-99af-9d701f382f5a{width: 0%;}@media screen and (max-width: 1023px) {#advgb-col-1789c7f4-d210-4c2f-99af-9d701f382f5a>.advgb-column-inner{}}@media screen and (max-width: 767px) {#advgb-col-1789c7f4-d210-4c2f-99af-9d701f382f5a>.advgb-column-inner{}}#advgb-col-06623aa2-a965-4693-a65e-e0ccfd992bd6>.advgb-column-inner{padding-top:20px;padding-right:20px;padding-bottom:20px;padding-left:20px;}#advgb-col-06623aa2-a965-4693-a65e-e0ccfd992bd6{width: 0%;}@media screen and (max-width: 1023px) {#advgb-col-06623aa2-a965-4693-a65e-e0ccfd992bd6>.advgb-column-inner{}}@media screen and (max-width: 767px) {#advgb-col-06623aa2-a965-4693-a65e-e0ccfd992bd6>.advgb-column-inner{}}<\/style>","protected":false},"excerpt":{"rendered":"<p>NOSSOS M\u00c9DICOS Conhe\u00e7a os m\u00e9dicos que atendem no CIEP e suas \u00e1reas de atua\u00e7\u00e3o<\/p>\n","protected":false},"author":1,"featured_media":0,"parent":0,"menu_order":0,"comment_status":"closed","ping_status":"closed","template":"","meta":{"advgb_blocks_editor_width":"","advgb_blocks_columns_visual_guide":"","site-sidebar-layout":"default","site-content-layout":"default","ast-global-header-display":"","ast-main-header-display":"","ast-hfb-above-header-display":"","ast-hfb-below-header-display":"","ast-hfb-mobile-header-display":"","site-post-title":"disabled","ast-breadcrumbs-content":"","ast-featured-img":"","footer-sml-layout":"","theme-transparent-header-meta":"","adv-header-id-meta":"","stick-header-meta":"","header-above-stick-meta":"","header-main-stick-meta":"","header-below-stick-meta":"","footnotes":""},"class_list":["post-494","page","type-page","status-publish","hentry"],"coauthors":[],"author_meta":{"author_link":"https:\/\/pediatriaciep.com.br\/ciep\/author\/adm_ciep\/","display_name":"ADM_Ciep"},"relative_dates":{"created":"Posted 2 anos ago","modified":"Updated 2 anos ago"},"absolute_dates":{"created":"Posted on 20 de fevereiro de 2024","modified":"Updated on 20 de fevereiro de 2024"},"absolute_dates_time":{"created":"Posted on 20 de fevereiro de 2024 16:14","modified":"Updated on 20 de fevereiro de 2024 16:31"},"featured_img_caption":"","featured_img":false,"series_order":"","uagb_featured_image_src":{"full":false,"thumbnail":false,"medium":false,"medium_large":false,"large":false,"1536x1536":false,"2048x2048":false},"uagb_author_info":{"display_name":"ADM_Ciep","author_link":"https:\/\/pediatriaciep.com.br\/ciep\/author\/adm_ciep\/"},"uagb_comment_info":0,"uagb_excerpt":"NOSSOS M\u00c9DICOS Conhe\u00e7a os m\u00e9dicos que atendem no CIEP e suas \u00e1reas de atua\u00e7\u00e3o","_links":{"self":[{"href":"https:\/\/pediatriaciep.com.br\/ciep\/wp-json\/wp\/v2\/pages\/494","targetHints":{"allow":["GET"]}}],"collection":[{"href":"https:\/\/pediatriaciep.com.br\/ciep\/wp-json\/wp\/v2\/pages"}],"about":[{"href":"https:\/\/pediatriaciep.com.br\/ciep\/wp-json\/wp\/v2\/types\/page"}],"author":[{"embeddable":true,"href":"https:\/\/pediatriaciep.com.br\/ciep\/wp-json\/wp\/v2\/users\/1"}],"replies":[{"embeddable":true,"href":"https:\/\/pediatriaciep.com.br\/ciep\/wp-json\/wp\/v2\/comments?post=494"}],"version-history":[{"count":4,"href":"https:\/\/pediatriaciep.com.br\/ciep\/wp-json\/wp\/v2\/pages\/494\/revisions"}],"predecessor-version":[{"id":508,"href":"https:\/\/pediatriaciep.com.br\/ciep\/wp-json\/wp\/v2\/pages\/494\/revisions\/508"}],"wp:attachment":[{"href":"https:\/\/pediatriaciep.com.br\/ciep\/wp-json\/wp\/v2\/media?parent=494"}],"curies":[{"name":"wp","href":"https:\/\/api.w.org\/{rel}","templated":true}]}}

<div class="topopgs"><div class="centro-linha"><span class="titulopgs">NOSSOS MÉDICOS</span><div class="linha"></div><em>Conheça os médicos que atendem no CIEP e suas áreas de atuação</em></div></div><div class="barra"></div>



<div class="wp-block-advgb-columns advgb-columns-wrapper" id="advgb-cols-10427a5e-31fe-4307-9c33-b21c636d2da3"><div class="advgb-columns-container"><div class="advgb-columns advgb-columns-row advgb-is-mobile advgb-columns-2 layout-13-23 mbl-layout-stacked vgutter-10" style="max-width:1050px">
<div class="wp-block-advgb-column advgb-column advgb-is-one-third-tablet advgb-is-full-mobile" id="advgb-col-1789c7f4-d210-4c2f-99af-9d701f382f5a"><div class="advgb-column-inner" style="border-style:none;border-width:1px">
<figure class="wp-block-image size-full efeitoimagem"><img loading="lazy" decoding="async" width="431" height="612" src="https://pediatriaciep.com.br/ciep/wp-content/uploads/2024/02/dra-natalia-g.png" alt="" class="wp-image-496" srcset="https://pediatriaciep.com.br/ciep/wp-content/uploads/2024/02/dra-natalia-g.png 431w, https://pediatriaciep.com.br/ciep/wp-content/uploads/2024/02/dra-natalia-g-211x300.png 211w" sizes="auto, (max-width: 431px) 100vw, 431px" /></figure>
</div></div>



<div class="wp-block-advgb-column advgb-column advgb-is-two-thirds-tablet advgb-is-full-mobile" id="advgb-col-06623aa2-a965-4693-a65e-e0ccfd992bd6"><div class="advgb-column-inner" style="border-style:none;border-width:1px">
<h2 class="wp-block-heading"><strong>Dra. Natalia Clarice Meneghel Vargas</strong></h2>



<p>Neurologista Pediátrica</p>



<p>Possui graduação em Medicina pela Faculdade Evangélica do Paraná (2001), Residência em Pediatria pela Universidade Federal do Paraná (UFPR 2004), Especialização em Neurologia Pediátrica pela UFPR (2006) e Mestrado em Saúde da Criança e do Adolescente pela UFPR (2010). Foi Docente da Universidade de Brasília (2015-2023), , tendo atuado em exercício provisório na UFMS (2017-2018) e na UFPR (2019-2023). Atualmente é Doutoranda do Programa de Pós Graduação da Saúde da Criança e do Adolescente da UFPR. Tem experiência na área de Medicina, com ênfase em Neuropediatria, atuando principalmente nos seguintes temas: Distúrbios de aprendizagem, Transtorno de déficit de atenção e hiperatividade, Autismo.</p>



<p><strong>Atende aos Convênios:<br></strong>Particular<br></p>
</div></div>
</div></div></div>
<style class="advgb-styles-renderer">#advgb-col-1789c7f4-d210-4c2f-99af-9d701f382f5a>.advgb-column-inner{padding-top:20px;padding-right:20px;padding-bottom:20px;padding-left:20px;}#advgb-col-1789c7f4-d210-4c2f-99af-9d701f382f5a{width: 0%;}@media screen and (max-width: 1023px) {#advgb-col-1789c7f4-d210-4c2f-99af-9d701f382f5a>.advgb-column-inner{}}@media screen and (max-width: 767px) {#advgb-col-1789c7f4-d210-4c2f-99af-9d701f382f5a>.advgb-column-inner{}}#advgb-col-06623aa2-a965-4693-a65e-e0ccfd992bd6>.advgb-column-inner{padding-top:20px;padding-right:20px;padding-bottom:20px;padding-left:20px;}#advgb-col-06623aa2-a965-4693-a65e-e0ccfd992bd6{width: 0%;}@media screen and (max-width: 1023px) {#advgb-col-06623aa2-a965-4693-a65e-e0ccfd992bd6>.advgb-column-inner{}}@media screen and (max-width: 767px) {#advgb-col-06623aa2-a965-4693-a65e-e0ccfd992bd6>.advgb-column-inner{}}#advgb-cols-10427a5e-31fe-4307-9c33-b21c636d2da3{padding-top:20px;}@media screen and (max-width: 1023px) {#advgb-cols-10427a5e-31fe-4307-9c33-b21c636d2da3{}}@media screen and (max-width: 767px) {#advgb-cols-10427a5e-31fe-4307-9c33-b21c636d2da3{}}#advgb-col-1789c7f4-d210-4c2f-99af-9d701f382f5a>.advgb-column-inner{padding-top:20px;padding-right:20px;padding-bottom:20px;padding-left:20px;}#advgb-col-1789c7f4-d210-4c2f-99af-9d701f382f5a{width: 0%;}@media screen and (max-width: 1023px) {#advgb-col-1789c7f4-d210-4c2f-99af-9d701f382f5a>.advgb-column-inner{}}@media screen and (max-width: 767px) {#advgb-col-1789c7f4-d210-4c2f-99af-9d701f382f5a>.advgb-column-inner{}}#advgb-col-06623aa2-a965-4693-a65e-e0ccfd992bd6>.advgb-column-inner{padding-top:20px;padding-right:20px;padding-bottom:20px;padding-left:20px;}#advgb-col-06623aa2-a965-4693-a65e-e0ccfd992bd6{width: 0%;}@media screen and (max-width: 1023px) {#advgb-col-06623aa2-a965-4693-a65e-e0ccfd992bd6>.advgb-column-inner{}}@media screen and (max-width: 767px) {#advgb-col-06623aa2-a965-4693-a65e-e0ccfd992bd6>.advgb-column-inner{}}</style>

<p>NOSSOS MÉDICOS Conheça os médicos que atendem no CIEP e suas áreas de atuação</p>

NOSSOS MÉDICOS Conheça os médicos que atendem no CIEP e suas áreas de atuação
