{"id":423,"date":"2023-05-08T08:44:57","date_gmt":"2023-05-08T11:44:57","guid":{"rendered":"http:\/\/pediatriaciep.com.br\/ciep\/?page_id=423"},"modified":"2024-12-16T11:40:20","modified_gmt":"2024-12-16T14:40:20","slug":"dra-jessica-guimaraes-mildemberger","status":"publish","type":"page","link":"https:\/\/pediatriaciep.com.br\/ciep\/dra-jessica-guimaraes-mildemberger\/","title":{"rendered":"Dra. J\u00e9ssica Guimar\u00e3es Mildemberger"},"content":{"rendered":"\n<div class=\"topopgs\"><div class=\"centro-linha\"><span class=\"titulopgs\">NOSSOS M\u00c9DICOS<\/span><div class=\"linha\"><\/div><em>Conhe\u00e7a os m\u00e9dicos que atendem no CIEP e suas \u00e1reas de atua\u00e7\u00e3o<\/em><\/div><\/div><div class=\"barra\"><\/div>\n\n\n\n<div class=\"wp-block-advgb-columns advgb-columns-wrapper\" id=\"advgb-cols-80b2185d-da5c-45e8-a647-1afbc27918ab\"><div class=\"advgb-columns-container\"><div class=\"advgb-columns advgb-columns-row advgb-is-mobile advgb-columns-2 layout-13-23 mbl-layout-stacked vgutter-10\" style=\"max-width:1050px\">\n<div class=\"wp-block-advgb-column advgb-column advgb-is-one-third-tablet advgb-is-full-mobile\" id=\"advgb-col-ef1e459d-0960-4b9c-b5ec-0c61776c12fe\"><div class=\"advgb-column-inner\" style=\"border-style:none;border-width:1px\">\n<figure class=\"wp-block-image size-full efeitoimagem\"><img loading=\"lazy\" decoding=\"async\" width=\"431\" height=\"612\" src=\"https:\/\/pediatriaciep.com.br\/ciep\/wp-content\/uploads\/2024\/12\/dra-jessica-g2.png\" alt=\"\" class=\"wp-image-516\" srcset=\"https:\/\/pediatriaciep.com.br\/ciep\/wp-content\/uploads\/2024\/12\/dra-jessica-g2.png 431w, https:\/\/pediatriaciep.com.br\/ciep\/wp-content\/uploads\/2024\/12\/dra-jessica-g2-211x300.png 211w\" sizes=\"auto, (max-width: 431px) 100vw, 431px\" \/><\/figure>\n<\/div><\/div>\n\n\n\n<div class=\"wp-block-advgb-column advgb-column advgb-is-two-thirds-tablet advgb-is-full-mobile\" id=\"advgb-col-009ad92e-49c5-47b4-b11b-7392206f839f\"><div class=\"advgb-column-inner\" style=\"border-style:none;border-width:1px\">\n<h2 class=\"wp-block-heading\"><strong>Dra. J\u00e9ssica Guimar\u00e3es Mildemberger<\/strong><\/h2>\n\n\n\n<p>Pediatra &#8211; CRM PR 32454\/ RQE 31124<\/p>\n\n\n\n<ul class=\"wp-block-list\">\n<li>Graduada em Medicina pela Universidade Federal do Paran\u00e1 em 2013<\/li>\n\n\n\n<li>Servi\u00e7o militar \u2013 m\u00e9dica \u2013 em 2014<\/li>\n\n\n\n<li>Resid\u00eancia m\u00e9dica em pediatria pelo Hospital de Cl\u00ednicas UFPR 2016<\/li>\n\n\n\n<li>P\u00f3s-Gradua\u00e7\u00e3o em Emerg\u00eancias Pedi\u00e1tricas &#8211; Faculdade Israelita de Ci\u00eancias da Sa\u00fade Albert Einstein<\/li>\n\n\n\n<li>T\u00edtulo de Especialista em Pediatria \u2013 Associa\u00e7\u00e3o M\u00e9dica Brasileira e Sociedade Brasileira de Pediatria &#8211; 2020<\/li>\n\n\n\n<li>Curso de Especializa\u00e7\u00e3o\/ atualiza\u00e7\u00e3o em puericultura \u2013 Eludivila Especializa\u00e7\u00e3o Pedi\u00e1trica \u2013 2022<\/li>\n\n\n\n<li>Curso de Consultoria do Sono infantil &#8211; 2023<\/li>\n<\/ul>\n\n\n\n<p><strong>Atende aos Conv\u00eanios:<br><\/strong>Amil<br>Particular<br>SulAm\u00e9rica<br>Voam<br>Sinam<\/p>\n<\/div><\/div>\n<\/div><\/div><\/div>\n<style class=\"advgb-styles-renderer\">#advgb-col-ef1e459d-0960-4b9c-b5ec-0c61776c12fe>.advgb-column-inner{padding-top:20px;padding-right:20px;padding-bottom:20px;padding-left:20px;}#advgb-col-ef1e459d-0960-4b9c-b5ec-0c61776c12fe{width: 0%;}@media screen and (max-width: 1023px) {#advgb-col-ef1e459d-0960-4b9c-b5ec-0c61776c12fe>.advgb-column-inner{}}@media screen and (max-width: 767px) {#advgb-col-ef1e459d-0960-4b9c-b5ec-0c61776c12fe>.advgb-column-inner{}}#advgb-col-009ad92e-49c5-47b4-b11b-7392206f839f>.advgb-column-inner{padding-top:20px;padding-right:20px;padding-bottom:20px;padding-left:20px;}#advgb-col-009ad92e-49c5-47b4-b11b-7392206f839f{width: 0%;}@media screen and (max-width: 1023px) {#advgb-col-009ad92e-49c5-47b4-b11b-7392206f839f>.advgb-column-inner{}}@media screen and (max-width: 767px) {#advgb-col-009ad92e-49c5-47b4-b11b-7392206f839f>.advgb-column-inner{}}#advgb-cols-80b2185d-da5c-45e8-a647-1afbc27918ab{padding-top:20px;}@media screen and (max-width: 1023px) {#advgb-cols-80b2185d-da5c-45e8-a647-1afbc27918ab{}}@media screen and (max-width: 767px) {#advgb-cols-80b2185d-da5c-45e8-a647-1afbc27918ab{}}#advgb-col-ef1e459d-0960-4b9c-b5ec-0c61776c12fe>.advgb-column-inner{padding-top:20px;padding-right:20px;padding-bottom:20px;padding-left:20px;}#advgb-col-ef1e459d-0960-4b9c-b5ec-0c61776c12fe{width: 0%;}@media screen and (max-width: 1023px) {#advgb-col-ef1e459d-0960-4b9c-b5ec-0c61776c12fe>.advgb-column-inner{}}@media screen and (max-width: 767px) {#advgb-col-ef1e459d-0960-4b9c-b5ec-0c61776c12fe>.advgb-column-inner{}}#advgb-col-009ad92e-49c5-47b4-b11b-7392206f839f>.advgb-column-inner{padding-top:20px;padding-right:20px;padding-bottom:20px;padding-left:20px;}#advgb-col-009ad92e-49c5-47b4-b11b-7392206f839f{width: 0%;}@media screen and (max-width: 1023px) {#advgb-col-009ad92e-49c5-47b4-b11b-7392206f839f>.advgb-column-inner{}}@media screen and (max-width: 767px) {#advgb-col-009ad92e-49c5-47b4-b11b-7392206f839f>.advgb-column-inner{}}<\/style>","protected":false},"excerpt":{"rendered":"<p>NOSSOS M\u00c9DICOS Conhe\u00e7a os m\u00e9dicos que atendem no CIEP e suas \u00e1reas de atua\u00e7\u00e3o<\/p>\n","protected":false},"author":1,"featured_media":0,"parent":0,"menu_order":0,"comment_status":"closed","ping_status":"closed","template":"","meta":{"advgb_blocks_editor_width":"","advgb_blocks_columns_visual_guide":"","site-sidebar-layout":"default","site-content-layout":"default","ast-global-header-display":"","ast-main-header-display":"","ast-hfb-above-header-display":"","ast-hfb-below-header-display":"","ast-hfb-mobile-header-display":"","site-post-title":"disabled","ast-breadcrumbs-content":"","ast-featured-img":"","footer-sml-layout":"","theme-transparent-header-meta":"","adv-header-id-meta":"","stick-header-meta":"","header-above-stick-meta":"","header-main-stick-meta":"","header-below-stick-meta":"","footnotes":""},"class_list":["post-423","page","type-page","status-publish","hentry"],"coauthors":[],"author_meta":{"author_link":"https:\/\/pediatriaciep.com.br\/ciep\/author\/adm_ciep\/","display_name":"ADM_Ciep"},"relative_dates":{"created":"Posted 3 anos ago","modified":"Updated 1 ano ago"},"absolute_dates":{"created":"Posted on 8 de maio de 2023","modified":"Updated on 16 de dezembro de 2024"},"absolute_dates_time":{"created":"Posted on 8 de maio de 2023 08:44","modified":"Updated on 16 de dezembro de 2024 11:40"},"featured_img_caption":"","featured_img":false,"series_order":"","uagb_featured_image_src":{"full":false,"thumbnail":false,"medium":false,"medium_large":false,"large":false,"1536x1536":false,"2048x2048":false},"uagb_author_info":{"display_name":"ADM_Ciep","author_link":"https:\/\/pediatriaciep.com.br\/ciep\/author\/adm_ciep\/"},"uagb_comment_info":0,"uagb_excerpt":"NOSSOS M\u00c9DICOS Conhe\u00e7a os m\u00e9dicos que atendem no CIEP e suas \u00e1reas de atua\u00e7\u00e3o","_links":{"self":[{"href":"https:\/\/pediatriaciep.com.br\/ciep\/wp-json\/wp\/v2\/pages\/423","targetHints":{"allow":["GET"]}}],"collection":[{"href":"https:\/\/pediatriaciep.com.br\/ciep\/wp-json\/wp\/v2\/pages"}],"about":[{"href":"https:\/\/pediatriaciep.com.br\/ciep\/wp-json\/wp\/v2\/types\/page"}],"author":[{"embeddable":true,"href":"https:\/\/pediatriaciep.com.br\/ciep\/wp-json\/wp\/v2\/users\/1"}],"replies":[{"embeddable":true,"href":"https:\/\/pediatriaciep.com.br\/ciep\/wp-json\/wp\/v2\/comments?post=423"}],"version-history":[{"count":7,"href":"https:\/\/pediatriaciep.com.br\/ciep\/wp-json\/wp\/v2\/pages\/423\/revisions"}],"predecessor-version":[{"id":517,"href":"https:\/\/pediatriaciep.com.br\/ciep\/wp-json\/wp\/v2\/pages\/423\/revisions\/517"}],"wp:attachment":[{"href":"https:\/\/pediatriaciep.com.br\/ciep\/wp-json\/wp\/v2\/media?parent=423"}],"curies":[{"name":"wp","href":"https:\/\/api.w.org\/{rel}","templated":true}]}}

Dra. Jéssica Guimarães Mildemberger

<div class="topopgs"><div class="centro-linha"><span class="titulopgs">NOSSOS MÉDICOS</span><div class="linha"></div><em>Conheça os médicos que atendem no CIEP e suas áreas de atuação</em></div></div><div class="barra"></div>



<div class="wp-block-advgb-columns advgb-columns-wrapper" id="advgb-cols-80b2185d-da5c-45e8-a647-1afbc27918ab"><div class="advgb-columns-container"><div class="advgb-columns advgb-columns-row advgb-is-mobile advgb-columns-2 layout-13-23 mbl-layout-stacked vgutter-10" style="max-width:1050px">
<div class="wp-block-advgb-column advgb-column advgb-is-one-third-tablet advgb-is-full-mobile" id="advgb-col-ef1e459d-0960-4b9c-b5ec-0c61776c12fe"><div class="advgb-column-inner" style="border-style:none;border-width:1px">
<figure class="wp-block-image size-full efeitoimagem"><img loading="lazy" decoding="async" width="431" height="612" src="https://pediatriaciep.com.br/ciep/wp-content/uploads/2024/12/dra-jessica-g2.png" alt="" class="wp-image-516" srcset="https://pediatriaciep.com.br/ciep/wp-content/uploads/2024/12/dra-jessica-g2.png 431w, https://pediatriaciep.com.br/ciep/wp-content/uploads/2024/12/dra-jessica-g2-211x300.png 211w" sizes="auto, (max-width: 431px) 100vw, 431px" /></figure>
</div></div>



<div class="wp-block-advgb-column advgb-column advgb-is-two-thirds-tablet advgb-is-full-mobile" id="advgb-col-009ad92e-49c5-47b4-b11b-7392206f839f"><div class="advgb-column-inner" style="border-style:none;border-width:1px">
<h2 class="wp-block-heading"><strong>Dra. Jéssica Guimarães Mildemberger</strong></h2>



<p>Pediatra &#8211; CRM PR 32454/ RQE 31124</p>



<ul class="wp-block-list">
<li>Graduada em Medicina pela Universidade Federal do Paraná em 2013</li>



<li>Serviço militar – médica – em 2014</li>



<li>Residência médica em pediatria pelo Hospital de Clínicas UFPR 2016</li>



<li>Pós-Graduação em Emergências Pediátricas &#8211; Faculdade Israelita de Ciências da Saúde Albert Einstein</li>



<li>Título de Especialista em Pediatria – Associação Médica Brasileira e Sociedade Brasileira de Pediatria &#8211; 2020</li>



<li>Curso de Especialização/ atualização em puericultura – Eludivila Especialização Pediátrica – 2022</li>



<li>Curso de Consultoria do Sono infantil &#8211; 2023</li>
</ul>



<p><strong>Atende aos Convênios:<br></strong>Amil<br>Particular<br>SulAmérica<br>Voam<br>Sinam</p>
</div></div>
</div></div></div>
<style class="advgb-styles-renderer">#advgb-col-ef1e459d-0960-4b9c-b5ec-0c61776c12fe>.advgb-column-inner{padding-top:20px;padding-right:20px;padding-bottom:20px;padding-left:20px;}#advgb-col-ef1e459d-0960-4b9c-b5ec-0c61776c12fe{width: 0%;}@media screen and (max-width: 1023px) {#advgb-col-ef1e459d-0960-4b9c-b5ec-0c61776c12fe>.advgb-column-inner{}}@media screen and (max-width: 767px) {#advgb-col-ef1e459d-0960-4b9c-b5ec-0c61776c12fe>.advgb-column-inner{}}#advgb-col-009ad92e-49c5-47b4-b11b-7392206f839f>.advgb-column-inner{padding-top:20px;padding-right:20px;padding-bottom:20px;padding-left:20px;}#advgb-col-009ad92e-49c5-47b4-b11b-7392206f839f{width: 0%;}@media screen and (max-width: 1023px) {#advgb-col-009ad92e-49c5-47b4-b11b-7392206f839f>.advgb-column-inner{}}@media screen and (max-width: 767px) {#advgb-col-009ad92e-49c5-47b4-b11b-7392206f839f>.advgb-column-inner{}}#advgb-cols-80b2185d-da5c-45e8-a647-1afbc27918ab{padding-top:20px;}@media screen and (max-width: 1023px) {#advgb-cols-80b2185d-da5c-45e8-a647-1afbc27918ab{}}@media screen and (max-width: 767px) {#advgb-cols-80b2185d-da5c-45e8-a647-1afbc27918ab{}}#advgb-col-ef1e459d-0960-4b9c-b5ec-0c61776c12fe>.advgb-column-inner{padding-top:20px;padding-right:20px;padding-bottom:20px;padding-left:20px;}#advgb-col-ef1e459d-0960-4b9c-b5ec-0c61776c12fe{width: 0%;}@media screen and (max-width: 1023px) {#advgb-col-ef1e459d-0960-4b9c-b5ec-0c61776c12fe>.advgb-column-inner{}}@media screen and (max-width: 767px) {#advgb-col-ef1e459d-0960-4b9c-b5ec-0c61776c12fe>.advgb-column-inner{}}#advgb-col-009ad92e-49c5-47b4-b11b-7392206f839f>.advgb-column-inner{padding-top:20px;padding-right:20px;padding-bottom:20px;padding-left:20px;}#advgb-col-009ad92e-49c5-47b4-b11b-7392206f839f{width: 0%;}@media screen and (max-width: 1023px) {#advgb-col-009ad92e-49c5-47b4-b11b-7392206f839f>.advgb-column-inner{}}@media screen and (max-width: 767px) {#advgb-col-009ad92e-49c5-47b4-b11b-7392206f839f>.advgb-column-inner{}}</style>

<p>NOSSOS MÉDICOS Conheça os médicos que atendem no CIEP e suas áreas de atuação</p>

NOSSOS MÉDICOS Conheça os médicos que atendem no CIEP e suas áreas de atuação
