{"id":259,"date":"2022-08-23T11:25:29","date_gmt":"2022-08-23T14:25:29","guid":{"rendered":"http:\/\/pediatriaciep.com.br\/ciep\/?page_id=259"},"modified":"2022-08-23T12:11:53","modified_gmt":"2022-08-23T15:11:53","slug":"dra-giovanna-trevisan-ferraro","status":"publish","type":"page","link":"https:\/\/pediatriaciep.com.br\/ciep\/dra-giovanna-trevisan-ferraro\/","title":{"rendered":"Dra. Giovanna Trevisan Ferraro"},"content":{"rendered":"\n<div class=\"topopgs\"><div class=\"centro-linha\"><span class=\"titulopgs\">NOSSOS M\u00c9DICOS<\/span><div class=\"linha\"><\/div><em>Conhe\u00e7a os m\u00e9dicos que atendem no CIEP e suas \u00e1reas de atua\u00e7\u00e3o<\/em><\/div><\/div><div class=\"barra\"><\/div>\n\n\n\n<div class=\"wp-block-advgb-columns advgb-columns-wrapper\" id=\"advgb-cols-6d094cfd-d0ea-4b19-a3c3-8ce8d6842465\"><div class=\"advgb-columns-container\"><div class=\"advgb-columns advgb-columns-row advgb-is-mobile advgb-columns-2 layout-13-23 mbl-layout-stacked vgutter-10\" style=\"max-width:1050px\">\n<div class=\"wp-block-advgb-column advgb-column advgb-is-one-third-tablet advgb-is-full-mobile\" id=\"advgb-col-4398e0a5-8fc9-4862-a0bd-be0a03bc596c\"><div class=\"advgb-column-inner\" style=\"border-style:none;border-width:1px\">\n<figure class=\"wp-block-image size-full efeitoimagem\"><img loading=\"lazy\" decoding=\"async\" width=\"431\" height=\"612\" src=\"http:\/\/pediatriaciep.com.br\/ciep\/wp-content\/uploads\/2022\/08\/foto-giovana-g.png\" alt=\"\" class=\"wp-image-260\" srcset=\"https:\/\/pediatriaciep.com.br\/ciep\/wp-content\/uploads\/2022\/08\/foto-giovana-g.png 431w, https:\/\/pediatriaciep.com.br\/ciep\/wp-content\/uploads\/2022\/08\/foto-giovana-g-211x300.png 211w\" sizes=\"auto, (max-width: 431px) 100vw, 431px\" \/><\/figure>\n<\/div><\/div>\n\n\n\n<div class=\"wp-block-advgb-column advgb-column advgb-is-two-thirds-tablet advgb-is-full-mobile\" id=\"advgb-col-7899b9bb-4012-4594-aaf6-5b8afb2b51e6\"><div class=\"advgb-column-inner\" style=\"border-style:none;border-width:1px\">\n<h2 class=\"wp-block-heading\"><strong>Dra. Giovanna Trevisan Ferraro<\/strong><\/h2>\n\n\n\n<p>CRN 8: 5288<br>Nutricionista Materno-Infantil<\/p>\n\n\n\n<p>\u2022 Graduada em Nutri\u00e7\u00e3o \u2013 Universidade Positivo \u2013 Curitiba \u2013PR <br>\u2022 P\u00f3s Graduada em Gastronomia \u2013 Universidade Positivo \u2013 Curitiba \u2013 PR <br>\u2022 Profissional capacitado no Programa Baby Nutri \u2013 Katia Cilli \u2022 Avan\u00e7ado em Introdu\u00e7\u00e3o Alimentar, BLW e Paricipativa e Alimenta\u00e7\u00e3o com Respeito \u2013 Por Aline Padovani -ConalcoLab.<br>\u2022 Capacitada em Terapia Nutricional do Transtorno do Espectro Autista \u2013 Academia de Nutri\u00e7\u00e3o e Autismo \u2013 Curitiba \u2013 PR<br>(https:\/\/www.academianutricaoeautismo.com.br\/profissionais)<br>\u2022 Coaching Nutricional Infantil \u2013 Atitude em Nutri\u00e7\u00e3o <br>\u2022 Abordagem em Nutri\u00e7\u00e3o Comportamental \u2013 Laccus Excel\u00eancia<\/p>\n<\/div><\/div>\n<\/div><\/div><\/div>\n<style class=\"advgb-styles-renderer\">#advgb-col-4398e0a5-8fc9-4862-a0bd-be0a03bc596c>.advgb-column-inner{padding-top:20px;padding-right:20px;padding-bottom:20px;padding-left:20px;}#advgb-col-4398e0a5-8fc9-4862-a0bd-be0a03bc596c{width: 0%;}@media screen and (max-width: 1023px) {#advgb-col-4398e0a5-8fc9-4862-a0bd-be0a03bc596c>.advgb-column-inner{}}@media screen and (max-width: 767px) {#advgb-col-4398e0a5-8fc9-4862-a0bd-be0a03bc596c>.advgb-column-inner{}}#advgb-col-7899b9bb-4012-4594-aaf6-5b8afb2b51e6>.advgb-column-inner{padding-top:20px;padding-right:20px;padding-bottom:20px;padding-left:20px;}#advgb-col-7899b9bb-4012-4594-aaf6-5b8afb2b51e6{width: 0%;}@media screen and (max-width: 1023px) {#advgb-col-7899b9bb-4012-4594-aaf6-5b8afb2b51e6>.advgb-column-inner{}}@media screen and (max-width: 767px) {#advgb-col-7899b9bb-4012-4594-aaf6-5b8afb2b51e6>.advgb-column-inner{}}#advgb-cols-6d094cfd-d0ea-4b19-a3c3-8ce8d6842465{padding-top:20px;}@media screen and (max-width: 1023px) {#advgb-cols-6d094cfd-d0ea-4b19-a3c3-8ce8d6842465{}}@media screen and (max-width: 767px) {#advgb-cols-6d094cfd-d0ea-4b19-a3c3-8ce8d6842465{}}#advgb-col-4398e0a5-8fc9-4862-a0bd-be0a03bc596c>.advgb-column-inner{padding-top:20px;padding-right:20px;padding-bottom:20px;padding-left:20px;}#advgb-col-4398e0a5-8fc9-4862-a0bd-be0a03bc596c{width: 0%;}@media screen and (max-width: 1023px) {#advgb-col-4398e0a5-8fc9-4862-a0bd-be0a03bc596c>.advgb-column-inner{}}@media screen and (max-width: 767px) {#advgb-col-4398e0a5-8fc9-4862-a0bd-be0a03bc596c>.advgb-column-inner{}}#advgb-col-7899b9bb-4012-4594-aaf6-5b8afb2b51e6>.advgb-column-inner{padding-top:20px;padding-right:20px;padding-bottom:20px;padding-left:20px;}#advgb-col-7899b9bb-4012-4594-aaf6-5b8afb2b51e6{width: 0%;}@media screen and (max-width: 1023px) {#advgb-col-7899b9bb-4012-4594-aaf6-5b8afb2b51e6>.advgb-column-inner{}}@media screen and (max-width: 767px) {#advgb-col-7899b9bb-4012-4594-aaf6-5b8afb2b51e6>.advgb-column-inner{}}<\/style>","protected":false},"excerpt":{"rendered":"<p>NOSSOS M\u00c9DICOS Conhe\u00e7a os m\u00e9dicos que atendem no CIEP e suas \u00e1reas de atua\u00e7\u00e3o<\/p>\n","protected":false},"author":1,"featured_media":0,"parent":0,"menu_order":0,"comment_status":"closed","ping_status":"closed","template":"","meta":{"advgb_blocks_editor_width":"","advgb_blocks_columns_visual_guide":"","site-sidebar-layout":"default","site-content-layout":"default","ast-global-header-display":"","ast-main-header-display":"","ast-hfb-above-header-display":"","ast-hfb-below-header-display":"","ast-hfb-mobile-header-display":"","site-post-title":"disabled","ast-breadcrumbs-content":"","ast-featured-img":"","footer-sml-layout":"","theme-transparent-header-meta":"","adv-header-id-meta":"","stick-header-meta":"","header-above-stick-meta":"","header-main-stick-meta":"","header-below-stick-meta":"","footnotes":""},"class_list":["post-259","page","type-page","status-publish","hentry"],"coauthors":[],"author_meta":{"author_link":"https:\/\/pediatriaciep.com.br\/ciep\/author\/adm_ciep\/","display_name":"ADM_Ciep"},"relative_dates":{"created":"Posted 4 anos ago","modified":"Updated 4 anos ago"},"absolute_dates":{"created":"Posted on 23 de agosto de 2022","modified":"Updated on 23 de agosto de 2022"},"absolute_dates_time":{"created":"Posted on 23 de agosto de 2022 11:25","modified":"Updated on 23 de agosto de 2022 12:11"},"featured_img_caption":"","featured_img":false,"series_order":"","uagb_featured_image_src":{"full":false,"thumbnail":false,"medium":false,"medium_large":false,"large":false,"1536x1536":false,"2048x2048":false},"uagb_author_info":{"display_name":"ADM_Ciep","author_link":"https:\/\/pediatriaciep.com.br\/ciep\/author\/adm_ciep\/"},"uagb_comment_info":0,"uagb_excerpt":"NOSSOS M\u00c9DICOS Conhe\u00e7a os m\u00e9dicos que atendem no CIEP e suas \u00e1reas de atua\u00e7\u00e3o","_links":{"self":[{"href":"https:\/\/pediatriaciep.com.br\/ciep\/wp-json\/wp\/v2\/pages\/259","targetHints":{"allow":["GET"]}}],"collection":[{"href":"https:\/\/pediatriaciep.com.br\/ciep\/wp-json\/wp\/v2\/pages"}],"about":[{"href":"https:\/\/pediatriaciep.com.br\/ciep\/wp-json\/wp\/v2\/types\/page"}],"author":[{"embeddable":true,"href":"https:\/\/pediatriaciep.com.br\/ciep\/wp-json\/wp\/v2\/users\/1"}],"replies":[{"embeddable":true,"href":"https:\/\/pediatriaciep.com.br\/ciep\/wp-json\/wp\/v2\/comments?post=259"}],"version-history":[{"count":3,"href":"https:\/\/pediatriaciep.com.br\/ciep\/wp-json\/wp\/v2\/pages\/259\/revisions"}],"predecessor-version":[{"id":356,"href":"https:\/\/pediatriaciep.com.br\/ciep\/wp-json\/wp\/v2\/pages\/259\/revisions\/356"}],"wp:attachment":[{"href":"https:\/\/pediatriaciep.com.br\/ciep\/wp-json\/wp\/v2\/media?parent=259"}],"curies":[{"name":"wp","href":"https:\/\/api.w.org\/{rel}","templated":true}]}}